Is 12443 prime?
False
Is 171383 prime?
True
Is 29567 a prime number?
True
Is 30971 composite?
False
Is 10447 composite?
True
Is 71563 a prime number?
True
Is 25279 a prime number?
False
Is 66151 a composite number?
True
Is 179351 a composite number?
False
Is 35693 a prime number?
False
Is 265801 composite?
True
Is 11593 a prime number?
True
Is 47563 a prime number?
True
Is 9431 composite?
False
Is 166681 a composite number?
True
Is 40027 a prime number?
False
Is 561635 composite?
True
Is 192217 prime?
False
Is 272621 a composite number?
False
Is 18897 composite?
True
Is 22501 prime?
True
Is 557 a prime number?
True
Is 901 prime?
False
Is 8317 composite?
False
Is 492163 a prime number?
False
Is 448593 a composite number?
True
Is 911 a composite number?
False
Is 9239 a prime number?
True
Is 63871 composite?
True
Is 55459 prime?
False
Is 387719 a composite number?
True
Is 55193 a prime number?
False
Is 248863 prime?
False
Is 1118977 prime?
False
Is 120685 a composite number?
True
Is 1404791 composite?
False
Is 15371 prime?
False
Is 12203 a prime number?
True
Is 111427 composite?
False
Is 5747 a prime number?
False
Is 6711 a prime number?
False
Is 56629 a composite number?
False
Is 7795 prime?
False
Is 17851 composite?
False
Is 16481 a prime number?
True
Is 2407445 a composite number?
True
Is 548291 a composite number?
False
Is 361763 composite?
False
Is 39505 a prime number?
False
Is 89259 prime?
False
Is 265271 a prime number?
True
Is 186541 a composite number?
True
Is 2797 a prime number?
True
Is 42061 a prime number?
True
Is 392473 a prime number?
True
Is 38219 prime?
True
Is 17449 a prime number?
True
Is 162589 a composite number?
True
Is 36037 prime?
True
Is 6943 composite?
True
Is 76199 prime?
False
Is 366881 prime?
True
Is 14671 prime?
False
Is 196491 prime?
False
Is 47877 prime?
False
Is 496569 a prime number?
False
Is 7142 a prime number?
False
Is 35429 prime?
False
Is 24331 a prime number?
False
Is 8419 a prime number?
True
Is 10589 prime?
True
Is 1095117 composite?
True
Is 102643 a prime number?
True
Is 20761 composite?
True
Is 1969 a composite number?
True
Is 280613 composite?
False
Is 13577 a composite number?
False
Is 73913 prime?
False
Is 769 composite?
False
Is 42557 prime?
True
Is 32605 prime?
False
Is 294685 prime?
False
Is 3463 a prime number?
True
Is 26479 a prime number?
True
Is 1261723 composite?
True
Is 23455 composite?
True
Is 216305 prime?
False
Is 1633 a composite number?
True
Is 61133 composite?
True
Is 113059 prime?
False
Is 269851 composite?
False
Is 1461 a prime number?
False
Is 39877 a composite number?
False
Is 7741 composite?
False
Is 239469 prime?
False
Is 10207 a prime number?
False
Is 28562 composite?
True
Is 3041 prime?
True
Is 117281 a prime number?
True
Is 1973 a prime number?
True
Is 187787 a prime number?
True
Is 4783 a prime number?
True
Is 132659 a composite number?
True
Is 372223 prime?
True
Is 11359 composite?
True
Is 1036285 a composite number?
True
Is 1623749 a prime number?
False
Is 18554 a prime number?
False
Is 320077 composite?
True
Is 10979 a prime number?
True
Is 247259 prime?
True
Is 103498 a prime number?
False
Is 569945 prime?
False
Is 11821 composite?
False
Is 3817 a prime number?
False
Is 4443 a composite number?
True
Is 24865 a prime number?
False
Is 80399 prime?
False
Is 157103 a composite number?
False
Is 612751 composite?
False
Is 175361 a prime number?
True
Is 8417 a prime number?
False
Is 213203 a composite number?
False
Is 9619 composite?
False
Is 80257 a composite number?
True
Is 2419229 composite?
False
Is 164617 a prime number?
True
Is 1967741 composite?
False
Is 55021 a composite number?
False
Is 12791 prime?
True
Is 22166 a composite number?
True
Is 1167031 a prime number?
False
Is 15193 a prime number?
True
Is 17893 a composite number?
True
Is 6947 prime?
True
Is 8287 composite?
False
Is 79214 composite?
True
Is 1559 a composite number?
False
Is 11677 a prime number?
True
Is 12149 a prime number?
True
Is 25367 a prime number?
True
Is 11677 a composite number?
False
Is 19445 composite?
True
Is 7283 a composite number?
False
Is 14981 composite?
True
Is 25439 composite?
False
Is 656957 a composite number?
True
Is 5045 composite?
True
Is 167709 composite?
True
Is 332621 composite?
True
Is 7297 prime?
True
Is 1563961 composite?
True
Is 195359 composite?
False
Is 3564437 a composite number?
False
Is 25369 composite?
True
Is 66161 a prime number?
True
Is 2779 a composite number?
True
Is 1885559 a prime number?
False
Is 9227 a prime number?
True
Is 40286 composite?
True
Is 94321 prime?
True
Is 1615507 prime?
False
Is 96959 prime?
True
Is 130969 a prime number?
True
Is 9757 a composite number?
True
Is 773941 composite?
True
Is 321437 a composite number?
True
Is 61993 prime?
False
Is 147491 a prime number?
False
Is 488381 composite?
False
Is 161683 composite?
False
Is 100733 a composite number?
False
Is 24733 prime?
True
Is 239901 composite?
True
Is 231403 a prime number?
False
Is 581923 a composite number?
True
Is 4201 composite?
False
Is 2885783 composite?
False
Is 647 a prime number?
True
Is 42209 prime?
True
Is 4861 prime?
True
Is 8779 a prime number?
True
Is 789251 a composite number?
False
Is 2093545 a prime number?
False
Is 318781 a prime number?
True
Is 221653 composite?
False
Is 6599 a composite number?
False
Is 7009 a composite number?
True
Is 13814 prime?
False
Is 92881 a composite number?
True
Is 4772255 a prime number?
False
Is 666329 prime?
True
Is 31769 a composite number?
False
Is 46559 a prime number?
True
Is 11599 composite?
True
Is 553 composite?
True
Is 6893 prime?
False
Is 7981 a prime number?
False
Is 1177 a prime number?
False
Is 1204549 composite?
True
Is 64993 prime?
False
Is 103723 composite?
False
Is 16057 a prime number?
True
Is 2470579 a prime number?
True
Is 73102 a prime number?
False
Is 301933 a prime number?
True
Is 42815 prime?
False
Is 3109 a prime number?
True
Is 2932867 composite?
True
Is 91453 composite?
False
Is 18969 prime?
False
Is 138499 a composite number?
True
Is 185 a prime number?
False
Is 126843 a prime number?
False
Is 132631 composite?
False
Is 689233 prime?
True
Is 22567 prime?
True
Is 113641 a composite number?
True
Is 2183 prime?
False
Is 1313 composite?
True
Is 964547 composite?
True
Is 540751 a composite number?
False
Is 496073 a composite number?
False
Is 382589 composite?
False
Is 132697 a composite number?
False
Is 85949 composite?
True
Is 282053 a composite number?
False
Is 57115 prime?
False
Is 18947 a composite number?
False
Is 76561 a composite number?
False
Is 266863 a composite number?
False
Is 64451 prime?
True
Is 5627 a composite number?
True
Is 1044883 a prime number?
False
Is 35339 a prime number?
True
Is 47927 composite?
True
Is 79531 a prime number?
True
Is 288791 composite?
True
Is 105797 prime?
False
Is 2309 prime?
True
Is 25867 composite?
False
Is 151211 a composite number?
True
Is 2579 a prime number?
True
Is 3613 composite?
False
Is 392563 a prime number?
False
Is 19373 a composite number?
False
Is 1861 a composite number?
False
Is 146891 composite?
False
Is 354418 a prime number?
False
Is 7559 a composite number?
False
Is 1477073 a composite number?
True
Is 540677 a composite number?
False
Is 98729 prime?
True
Is 374363 composite?
True
Is 9487 a composite number?
True
Is 7561 prime?
True
Is 64673 composite?
True
Is 454 a prime number?
False
Is 17527 a prime number?
False
Is 293 composite?
False
Is 55103 prime?
True
Is 4111 composite?
False
Is 180242 composite?
True
Is 112183 a prime number?
False
Is 2676083 a prime number?
False
Is 13901 a composite number?
False
Is 941093 a composite number?
False
Is 123295 prime?
False
Is 887 a prime number?
True
Is 314 prime?
False
Is 69203 a prime number?
True
Is 58637 composite?
True
Is 50287 a composite number?
False
Is 59935 a prime number?
False
Is 37601 prime?
False
Is 21881 a prime number?
True
Is 12333 a prime number?
False
Is 1421621 prime?
True
Is 1306067 prime?
False
Is 8899 prime?
False
Is 22309 composite?
True
Is 2882303 a prime number?
True
Is 37483 composite?
False
Is 1247 prime?
False
Is 261379 a prime number?
True
Is 14903 prime?
False
Is 24646 prime?
False
Is 16673 prime?
True
Is 313579 composite?
True
Is 39877 a composite number?
False
Is 5731 a composi